0).
-19
What is 0 - -176 - ((69 - (7 - -29)) + -12)?
155
Calculate -4 + (18 - 3) + (70 - 126) + 14.
-31
Calculate 1 - (-2 - -1) - (-2783 - -2831).
-46
What is the value of 6 + (1 - (6 + (-18 + -48 - -6)))?
61
What is the value of 100 + (-63 - -13) - 11?
39
What is the value of 7 + -8 - 11 - (19 - 95 - -1)?
63
0 - 97 - (28 + -26) - (17 + (-43 - -36))
-109
Calculate (23 + -25 - 43) + -24 + 56.
-13
What is (4 - (3 + 1)) + (25 - 35) + 34?
24
What is (1 - -4) + -23 + 1 + -1271 + 1279?
-9
What is the value of 43 + 13 + -72 - 45?
-61
Evaluate -13 - 2 - (-1002 + 971).
16
Calculate (-97 - (-106 - -43)) + 12.
-22
Evaluate 2 + 95 - (6 - ((1 - -2) + (-11 - -11))).
94
What is -66 - (-99 + 54) - 13?
-34
-4082 - -4148 - (-1 - 16)
83
Evaluate (-56 - (-13 - -67)) + 46.
-64
Calculate -2 - (-76 - -76) - 50.
-52
What is the value of -1 + (-76 - -1) - (635 - (174 + 476))?
-61
What is the value of (101 - 175 - -60) + (2 - (-11 - -1))?
-2
17 + (68 - (76 - 80))
89
What is (5 - -18) + -126 + 96?
-7
Evaluate 2 - (-62 + 20 - -27).
17
What is -7 + 9 + 8 + -74 - (8 + (8 - 5))?
-75
Evaluate 65 + -35 + -25 + 23.
28
47 + 29 + 117 + -168
25
-11712 - -11701 - (-52 - (0 + 0) - 2)
43
What is (3 - (-11 - 3 - (-181 - -153))) + 73?
62
Calculate -96 + -4 + (-18 - (-25 - -19)) + (3 - 1).
-110
What is (-20 - -24 - 20) + (4 - 2)?
-14
Evaluate -10 - (1 + 12 - (117 - 121)) - -1.
-26
What is 5 + (25 - 0) - (-954 - -929)?
55
Evaluate (-111 + (8 + 8 - 7) - (-14 + 24)) + 5.
-107
Evaluate -47 - (-48 + (0 - -7 - -27)).
-33
Calculate -43 - 19 - (-53 + 6).
-15
Evaluate (98 + -81 - 76) + (28 - 2).
-33
11 + -1 - (-3 + 26 - (-70 - -106) - -89)
-66
What is the value of 25 + -18 - (1 - 0 - 8) - 0?
14
What is the value of 39 + (48 - 116) - -7?
-22
(0 + 0 - 6 - ((-74 - 4) + 61)) + 3
14
Calculate -5 - (14 + (5 - 4) - 44 - (-1 - -6)).
29
What is the value of -101 + (-1 - (0 + -2)) + -129 + 174 + -35?
-90
What is the value of 704 - 658 - (4 - -28)?
14
Calculate (63 + -4 - (-235 - -222)) + (1 - 15).
58
What is the value of 1 + -1 + (161 - -19) + -117?
63
Evaluate (-3 + 2 - -6) + -22 + 156 + -23.
116
Evaluate -42 + (-43 - -77) + 17 + (35 - (0 + -2)).
46
What is (-9 - -9) + 0 + -6 + (79 - 67) - 103?
-97
(95 - 348 - -125) + 60
-68
Evaluate 7 - 74 - (-13 - (-6 + 25 + -12 + -12)).
-59
(-316 - -297) + 10 + -20
-29
Calculate 49 + (13 + -2 - 18).
42
What is the value of -2421 + 2418 - (-3 + (1 - 0))?
-1
Evaluate (-47 - -74) + -25 + -35 + 53.
20
What is the value of -85 + -16 + (67 - -35)?
1
What is 51 - (69 + -113 - -59)?
36
What is 10 + (64 - -7 - -9) + (7 - 30)?
67
What is -81 + -13 + 91 - (-44 - 4 - (2 + -1))?
46
(-16 - (28 - (9 + -1))) + (13 - -4)
-19
Calculate (5 - 1) + (7 - 25) - (35 - 41).
-8
What is the value of (2341 - 2429) + (8 - 11 - -40)?
-51
Calculate 16 + -14 + -125 - (53 - 29 - 39).
-108
Evaluate -60 + 9 - -7 - (75 + -202).
83
Evaluate -6 + 48 + (49 - (-23 - -64)).
50
What is -7 + -8 + -2 + 4 + (-27 - -24 - -128)?
112
What is (-88 - -16) + (7 - -109)?
44
77 + -68 + -91 + 161
79
Evaluate (-24 + -5 - (-1 + -7)) + (292 - 321).
-50
What is (2 - (-1 - -9)) + (-94 - -91) + 22?
13
What is 21 - (91 + -63 + 11)?
-18
Calculate 23 - ((9 - -17) + -5) - (32 + 2).
-32
-1 - 19 - (16 + (-2 - -8) - 27)
-15
Evaluate -817 + 752 - (-4 + -144).
83
What is the value of -16 + -15 + -13 + 15 - 16?
-45
What is (-1 - 6) + (-4 - -3) + 21 + 11?
24
What is 0 + -3 - -8 - (2443 + -2536)?
98
Calculate 23 + (23 - 23 - -14).
37
Calculate (21 - 31 - -5) + (-9 - -4 - -67).
57
What is the value of 27 + -37 + -28 + 37 + -35?
-36
Calculate -186 + 219 - 38 - (-1 + (1 - 1) + 0).
-4
Evaluate 40 + -21 + -4 - 13.
2
-44 + 24 + (9 - 22) + -12 + -3
-48
What is 0 - -1 - 0 - (16612 - 16662)?
51
What is -23 + (16 - 16 - -11)?
-12
What is the value of 45 - (-61 + 114 + -37)?
29
What is -38 + 17 + 61 + -123?
-83
What is (15 - 0 - -1) + (-52 - -95) + -25 + 60?
94
What is the value of (5461 - 5472) + (-4 + 1 + 1 - 13 - -2)?
-24
Calculate -204 + 88 - -122 - (2 - 1 - -14) - -83.
74
What is the value of -19 - (-8 - (13 + (0 - 26) - -4))?
-20
Calculate 52 + 21 - 14 - 132.
-73
Calculate 33 - 79 - ((8 - (9 + 8)) + 7 + 5).
-49
Evaluate (2 - 17 - -17) + (-3 - 49 - (-7 - -8)).
-51
66 - (29 + -42 - -31)
48
What is -51 + 134 + -46 + (-5 + 0 - (-3 - 0))?
35
What is the value of -112 - (124 + -310 - -43)?
31
1 - 13 - (-17 + -3 + -113 + 165 - -7)
-51
What is 489 + -475 - (-8 - -3 - 5)?
24
What is -50 + 2 - (2 - 2 - (-56 + 70))?
-34
Evaluate 64 + -130 + 72 - (3 + 0 + 2).
1
Evaluate -45 + (11 - 4) + (23 - 17).
-32
What is 41 + (-85 - -7) + 19?
-18
What is the value of 0 + -7 + (27 - (27 - 1)) + 49?
43
What is -7 + -17 - (-45 + -58 - -63)?
16
11 - ((41 - 34 - (-8 - -1)) + 42)
-45
What is -77 + (-38 - -2) + 7 + 33?
-73
Calculate (782 - 762) + -8 + -62.
-50
Evaluate (-18 + -131 - -97) + 63.
11
What is the value of -7 - ((38 - 10) + -13 + -9)?
-13
Evaluate 31 + -69 + -24 + (0 - 5).
-67
Evaluate -2 + 25 + 4 + (15 - (24 - -8) - -16).
26
What is (4 - 1) + -19 + (5 - -15) + 37 - -7?
48
What is 229 + 21 + -238 - (-2 - -2 - (-73 + 1))?
-60
156 - (-52 - (2 - 131))
79
What is -2 + (-78 - (-1 - 13)) + -8 + 1 + 21?
-52
Evaluate (-9 - (-55 - (-15 + -18))) + -45 + 3.
-29
Evaluate 1 - -12 - (27 + -55) - (5 - 25 - -9).
52
Calculate -2 + 1 - (-3 - 4) - (62 + -51 + -55).
50
(124 - -10 - 42) + -56
36
What is the value of 116 + -73 + 20 + -114?
-51
5 + (60 - 30) - 33
2
What is -764 - -778 - (-1 - -58)?
-43
What is (-1 - -26) + (146 - (79 - -71))?
21
What is 21 + (-14 - 44 - -6)?
-31
What is the value of 787 + -870 - (-2 + -138)?
57
Evaluate 90 + (-33 - 27 - -50).
80
What is -815 - -872 - (130 + 3)?
-76
22 + (0 - (-3 + 14)) + 14
25
What is the value of 15 + (12 + 3 - (-12 + (12 - -19)))?
11
Evaluate (-8 - (-33 - -19)) + (-1 - 99) + 83 + -97.
-108
What is 38 + (31 - 93) + 12 - (-66 - 0)?
54
What is the value of -11 + (-3 - -2) + -83 + 85 - -51?
41
Calculate -114 + 37 + 27 - -64.
14
(-1 + 82 - 9) + -3 + -2 + -2 + -1
64
What is (31 - 26 - (-14 - -1)) + 584 + -547?
55
Evaluate -54 + 91 + 34 + -70.
1
Calculate (-86 - -57) + -27 + 52.
-4
23 + 4 + -25 + 38
40
Calculate 116 - (31 - (-34 + 34)).
85
What is the value of -14 - -36 - ((8 - -2) + (9 - (0 - -5)))?
8
Calculate 20 - (2 + -19 - -103) - -17.
-49
Calculate 16 + 2 + -14 + -47 + 4.
-39
What is the value of -12 + (0 + -15 - ((-13 - 6) + 17))?
-25
-1 + 55 - (183 - (-137 + 324))
58
What is the value of -9 + 0 + (3 + -17 - (25 + -97))?
49
Calculate -40 + 1 + (-67 - -34) + 41.
-31
-89 + (-1 - ((-1 + 1 - (-134 - -121)) + -8))
-95
Calculate 76 + -297 + -104 + 213.
-112
What is the value of -7 + (1 + -3 + 42 - ((-10 - -1) + 18))?
24
What is -3 - (6 + (15 - (13 + 8)) - (0 - 47))?
-50
Evaluate (-1 - 2 - (-15 - -13)) + (27 - 13).
13
Calculate 74 - (7 + 12 - 22).
77
Evaluate -51 - ((-24 - -6) + 24 - 19).
-38
What is the value of 51 + (51 - 122) - -15?
-5
What is the value of 6 + 51 - 5 - ((-1 - -12) + -13 + 3)?
51
Evaluate -20 + -18 + 9 + 22 + -64.
-71
What is 33 + 2 - (-901 + 917)?
19
Evaluate (23 - 94 - 64) + 81.
-54
Evaluate 28 - (9 - 40 - -37).
22
Evaluate -24 + 55 - 3 - (-18 + 6 + (7 - 7)).
40
What is the value of -1 + (-5 - (1 + -2 - (19 + -27) - 13))?
0
Calculate (-2 - (3 - 2)) + -30 + (63 - 34 - 34).
-38
What is (-45 - -20) + 21 + -19 + -22?
-45
Calculate -109 + (39 - 18) - (10 + -26).
-72
What is the value of (-69 + 28 - -20) + 23?
2
-1 + 13 + -3 + 2 + 9 + -7
13
What is the value of -2 + 7 - (160 + -137)?
-18
-11 - ((76 - 158) + 3 + (8 - 3))
63
-11 - 0 - -29 - (-30 - -33)
15
What is the value of -7 - ((-47 - (-19 + -27)) + 9 + 0)?
-15
What is 7 - (0 - 0) - ((-86 - 238) + 239)?
92
(1 - 2) + 4 + -34 - (-385 + 376)
-22
What is 36 - (18 + -102 - -61)?
59
Evaluate -2 + (55 + 1 - (-1 - (4 - 5))).
54
What is the value of (4 - (-5 - -13)) + -6 - (-3 + 35)?
-42
Evaluate 31 + -23 + 6 + (-41 - (2 + -10)).
-19
What is -16 - -36 - ((-6 - -12) + -12 + 1 + -3)?
28
What is the value of (-37 + (-15 - -24) - -28) + 32?
32
What is the value of (-13 - (-1 - 10)) + 26 - -18?
42
What is -1 + -84 - (-2507 + 2475)?
-53
-1 + (9 - -20) - (-6 + 89)
-55
What is the value of (-16 - -35 - -12) + -6 + 36?
61
Calculate 22 + 1 - (35 + -62).
50
What is the value of (1 + -3 - 15) + 3 + 507 + -480?
13
9 + -133 + 10 + 13 + (4 - (-1 - -1))
-97
Evaluate -3 + (-11 - (-3 + 0 + 0)) 